, 61
Let a be 12/(3 + 1) - (0 + -3). Let y(c) = 18*c - 23. List the prime factors of y(a).
5, 17
Let g be ((-4)/(-5))/((-6)/(-45)). Suppose -g*q - 75 = -9*q. What are the prime factors of q?
5
Suppose -2*n = -n + 5*k, 3*n - 3*k = 18. Suppose 75 + 190 = n*o. Suppose 0 = -3*i + 2*v + o, -i + v - 26 = -2*i. List the prime factors of i.
3, 7
Let d(g) = 12*g + 14. Let w be d(10). Let z = -75 + w. List the prime factors of z.
59
Let v(q) = -q**2 + 4. Let m be v(-2). Suppose 2*n - 49 = -s, m = -7*s + 2*s + 3*n + 245. What are the prime factors of s?
7
Let a = -1072 + 2108. Suppose -4*f = 3*f - a. What are the prime factors of f?
2, 37
Let z(l) = l**3 + 22*l**2 + 34*l + 21. List the prime factors of z(-9).
2, 3
Suppose 91*j + 2247 = 94*j. List the prime factors of j.
7, 107
Let f(w) = -30*w + 7*w**2 - 21*w**2 + 13*w**2 - 7. What are the prime factors of f(-23)?
2, 7, 11
Let u = -9 - -13. Suppose 0 = 8*n - u*n - 108. What are the prime factors of n?
3
Suppose 4*k = x + 2165, -k - 5*x = -2 - 513. List the prime factors of k.
2, 3, 5
Suppose -15 - 9 = -2*r + 4*v, 5*r = -5*v - 15. Suppose -r*m = 6, 3*q - 818 = -q + 2*m. What are the prime factors of q?
7, 29
Let t(a) = -6*a**3 + 2*a**2 - 2*a + 1085. List the prime factors of t(0).
5, 7, 31
Let s(q) = 316*q + 23. List the prime factors of s(1).
3, 113
Let r = -41 + 41. Suppose r*y - 5*y + 70 = 0. What are the prime factors of y?
2, 7
Let b(a) = -3*a**2 - 5*a - 13 + 5*a**2 + 0*a**2. Let y be b(-7). Suppose 0 = -3*p + 8*p - y. What are the prime factors of p?
2, 3
Let j(n) = 689*n**2 - 37*n - 36. What are the prime factors of j(-1)?
2, 3, 5, 23
Suppose 110 = -10*c + 5*c. Let h = 101 + c. What are the prime factors of h?
79
Suppose 29*p - 24 = 121. Let w(y) = -y**2 + 4*y + 5. Let j be w(4). Suppose -176 = -j*v + i + i, -p*v + 185 = -5*i. What are the prime factors of v?
2, 17
Suppose -2*m - 2*m - 3*t = -7, t = -m + 2. Suppose 5*l - 21 = -m. Suppose -5*f + 100 = b - 124, -l*f + 164 = -3*b. What are the prime factors of f?
2, 11
Let k be 2*-2*(-23 + 22). Suppose 4*q + 5*i + 3 = 72, q - k*i = 33. Suppose -3*l = 3*h - q, 3*l - 5*h + 11 + 0 = 0. What are the prime factors of l?
3
Let z(x) = -10*x + 1680. What are the prime factors of z(0)?
2, 3, 5, 7
Let w(a) = a**2 + 14*a + 18. Let t be w(-5). Let v = t - -92. What are the prime factors of v?
5, 13
Suppose h + 4*o = -73, h + 2*o + 61 = o. Let m be -1*1 + (-103)/(-1). Let s = h + m. What are the prime factors of s?
3, 5
Let z(d) be the first derivative of -d**2/2 + 2*d - 5. List the prime factors of z(-5).
7
Suppose -3*h = -1 - 8. Suppose -h*d - 2*d + 532 = 4*w, 2*w - d - 252 = 0. List the prime factors of w.
2
Let b(d) = d**3 - 10*d**2 - 8*d + 12. Let j be b(8). Let u = 314 + j. List the prime factors of u.
2, 67
Let q(k) be the first derivative of k**3/3 + 7*k**2 + 3*k - 4. Let w be q(-14). Suppose w*d = 4 + 29. List the prime factors of d.
11
Let k(m) = 223*m + 279. What are the prime factors of k(17)?
2, 5, 11, 37
Let n(r) = r + 16. Let s be n(-16). Suppose s = -q + 2*q - 130. List the prime factors of q.
2, 5, 13
Let x be (-1)/((9/(-300))/(-3)). Let a be (-6)/5*x/6. What are the prime factors of (-50)/a*(-92)/10?
23
Let k = 510 + -302. Let w = k + -115. What are the prime factors of w?
3, 31
Let t(c) = 4*c**2 + 4*c - 3. Let a be t(-3). Suppose -a - 6 = -s. List the prime factors of s.
3
Suppose 34*i + 91*i - 365375 = 0. What are the prime factors of i?
37, 79
Let y be 7858/(-14) + 2 + (-6)/(-21). Let o = -318 - y. List the prime factors of o.
241
Let p = -82 + 4192. What are the prime factors of p?
2, 3, 5, 137
Let s = 58 + -56. Suppose -s*h - 2*l = -404, 2*l - 631 = -3*h + 4*l. List the prime factors of h.
3, 23
What are the prime factors of (11120/100)/((-1)/(-10))?
2, 139
Let x(g) = g**3 - 18*g**2 - g + 24. What are the prime factors of x(19)?
2, 3, 61
Suppose g + 7 = 12. Suppose 3*f + 70 + 460 = g*p, 4*f + 318 = 3*p. List the prime factors of p.
2, 53
Let y(u) = 4*u - 10. Let b be y(9). Suppose 0*w - q + 10 = 2*w, -b = -4*w + q. What are the prime factors of w/(-15) + 348/20?
17
Let z = -8 + 11. Let d = 24 + z. List the prime factors of d.
3
Let q be (6/4)/(3/38). Let l be 2/((2/q)/1). Suppose -3 = -3*h, -2*y + 13 = -4*h - l. What are the prime factors of y?
2, 3
Suppose -3*y = 3 - 36. Let r(v) = v**3 - 11*v**2 + v - 15. Let w be r(y). Let l = w + 9. List the prime factors of l.
5
List the prime factors of ((4 - 2) + -366)*(-438)/146.
2, 3, 7, 13
Suppose 0 = -3*q - 5*i + 3739, -2*q + 9*i = 4*i - 2501. List the prime factors of q.
2, 3, 13
Let x be -2 - (2/(-5))/((-14)/(-140)). Let o = x + 35. What are the prime factors of o?
37
Let i = -31 - -28. List the prime factors of ((-225)/i - 4) + 2.
73
Let v be 1/(2 - (-27)/(-15)). Suppose -v*x - 175 = -10*x. List the prime factors of x.
5, 7
Suppose -245 = -8*c + 2355. List the prime factors of c.
5, 13
Suppose 0 = j - 2*s, 0 = -4*j - 3*s + 4*s. Suppose j = -4*f - 8 - 320. List the prime factors of (-6)/2*f/6.
41
Let b = -15 - -26. Suppose 4*f - 91 + b = 0. What are the prime factors of 435/f - 6/8?
3, 7
Let v be (((-234)/24)/13)/(3/(-4)). Let r be (-5)/3*(-1 + -8). Let i = r + v. List the prime factors of i.
2
Let c = -36 + 39. Suppose 0 = -2*k + 57 + 15. Suppose -c*i = -2*l - 2*i + 52, 2*l + 3*i = k. What are the prime factors of l?
2, 3
Let a = 119 - 56. What are the prime factors of a?
3, 7
Let j(b) = -b**3 - 8*b**2 - 8*b - 2. Let q be j(-7). Suppose 833 = 10*a - 727. Suppose 8*y = q*y + a. List the prime factors of y.
2, 13
List the prime factors of 276731/117 - 2/9.
5, 11, 43
Suppose -5*p = -4*y - 33, 6 = -p + 2*y + 15. Let n(b) = p - 21*b + 14*b + 9*b. What are the prime factors of n(0)?
5
Suppose 2*d = -2*v + 5058, -6*v + 7582 = 3*d - 4*v. What are the prime factors of d?
2, 631
Let u = 334 + -332. What are the prime factors of u?
2
Suppose -6*j - 3339 = -11577. List the prime factors of j.
1373
Suppose -34 = -5*a - 3*m, 5 = -2*a - m + 19. Suppose -32 - a = 4*q. List the prime factors of q/15*27/(-2).
3
Let m = -5324 + 10072. What are the prime factors of m?
2, 1187
Suppose 21819 - 4539 = 36*b. What are the prime factors of b?
2, 3, 5
Let c(r) = -r**3 + 8*r**2 + 12*r - 11. Let x be c(9). Suppose x*g = 14*g. Suppose -3*d + 38 + 94 = g. What are the prime factors of d?
2, 11
Let c(u) be the third derivative of -u**6/120 + u**5/5 - 11*u**4/24 - 17*u**3/6 - 18*u**2. What are the prime factors of c(10)?
73
Let l(y) = 92*y**2 - 5*y - 26. List the prime factors of l(6).
2, 11, 37
Let m = -39 - -39. Suppose 3*s + m*s = 744. What are the prime factors of s?
2, 31
Let g be 0/(1*(-4)/2). Suppose g = -2*h + 3*s - s + 64, 5*h = s + 140. List the prime factors of h.
3
Let x(o) be the first derivative of o**3/3 + 6*o**2 - 19*o + 11. What are the prime factors of x(-19)?
2, 3, 19
Let l(f) = f**3 + 5*f**2 + 2*f + 3. Let r be l(-3). Let j = r + -7. Let h = 4 + j. What are the prime factors of h?
2, 3
Suppose -1719*t = -1718*t - 2944. What are the prime factors of t?
2, 23
Let p = 14 - -4. Let f = 19 - p. Suppose -f + 3 = g. What are the prime factors of g?
2
Suppose -2*x + 5*s - 22 = 0, 2*s + 2 = 2*x + 12. List the prime factors of (1 - 0)*18 - x.
19
Suppose 3*z = -5*u + u + 466, -3*u = 5*z - 784. Suppose -4*c - z = -3*g, -g - 2*g + 160 = -5*c. List the prime factors of g.
2, 5
Suppose 0 = -2*w + 7*w + 15. List the prime factors of 111 + (w/(-1) - 3).
3, 37
Suppose -2*s + s = -4*t + 1463, 12 = -4*s. Suppose -3*n + 248 + 7 = 4*x, -3*x - t = -4*n. List the prime factors of n.
89
Let x(c) = 12*c. Let r be x(-1). Let n = r + 18. List the prime factors of n.
2, 3
Suppose 5*i = -i + 516. Suppose -3*r + m + 229 = 0, -2*r + 5*m + 45 = -i. List the prime factors of r.
2, 3, 13
Suppose 2*p = 3*p + z + 3, -7 = 5*p + z. Let x(r) be the third derivative of -25*r**4/24 - r**3/2 + 2*r**2. List the prime factors of x(p).
2, 11
Suppose -7*h - 704 + 4239 = 0. Let f = 770 - h. What are the prime factors of f?
5, 53
List the prime factors of (-4)/5*(-430)/4.
2, 43
Let c(i) = i**2 - 2*i + 10. Let d(j) = j**2 - 7*j + 13. Let h be d(6). What are the prime factors of c(h)?
3, 5
Let m(u) = 16*u**3 - 2*u**2 + 3*u - 1. Let p be m(2). Let j = 231 - p. What are the prime factors of j?
2, 53
Suppose -3*z = -23 - 148. Let f = 61 - z. List the prim